digit of 5121751103?
1
What is the hundred thousands digit of 71836004?
8
What is the ten thousands digit of 227872307?
7
What is the ten millions digit of 495003322?
9
What is the thousands digit of 30618807?
8
What is the hundred millions digit of 308427578?
3
What is the hundred thousands digit of 109584859?
5
What is the thousands digit of 302913914?
3
What is the thousands digit of 499055142?
5
What is the hundred thousands digit of 4359499961?
4
What is the ten millions digit of 67771661?
6
What is the ten thousands digit of 470987089?
8
What is the hundred thousands digit of 28609036?
6
What is the hundred thousands digit of 109294935?
2
What is the hundreds digit of 128236022?
0
What is the ten millions digit of 550949345?
5
What is the ten thousands digit of 139023651?
2
What is the ten thousands digit of 28554319?
5
What is the tens digit of 232796830?
3
What is the ten thousands digit of 33737233?
3
What is the thousands digit of 31555021?
5
What is the hundred millions digit of 1036809904?
0
What is the millions digit of 37794013?
7
What is the ten thousands digit of 3504824876?
2
What is the hundreds digit of 153435186?
1
What is the hundred millions digit of 1243728114?
2
What is the hundreds digit of 45540489?
4
What is the hundred thousands digit of 74177542?
1
What is the thousands digit of 1642953143?
3
What is the units digit of 8157862015?
5
What is the tens digit of 354248188?
8
What is the tens digit of 768277216?
1
What is the ten thousands digit of 52566315?
6
What is the millions digit of 1751121473?
1
What is the tens digit of 213588861?
6
What is the tens digit of 66470976?
7
What is the hundred thousands digit of 224484942?
4
What is the units digit of 9144695?
5
What is the thousands digit of 19502174?
2
What is the tens digit of 27165833?
3
What is the millions digit of 6058633445?
8
What is the tens digit of 5961255488?
8
What is the thousands digit of 128547616?
7
What is the hundreds digit of 250330066?
0
What is the hundred thousands digit of 12748394?
7
What is the tens digit of 383511739?
3
What is the units digit of 46963418?
8
What is the thousands digit of 106270005?
0
What is the hundred thousands digit of 147180364?
1
What is the tens digit of 495092247?
4
What is the hundred millions digit of 2342440233?
3
What is the ten millions digit of 1047489300?
4
What is the ten thousands digit of 322645507?
4
What is the millions digit of 87357458?
7
What is the ten millions digit of 74392407?
7
What is the ten thousands digit of 152946423?
4
What is the units digit of 4603767528?
8
What is the ten thousands digit of 74117181?
1
What is the hundred millions digit of 133234390?
1
What is the hundreds digit of 543949362?
3
What is the ten thousands digit of 14643748?
4
What is the units digit of 46736088?
8
What is the hundreds digit of 88826333?
3
What is the ten millions digit of 398853291?
9
What is the millions digit of 58180160?
8
What is the units digit of 594560584?
4
What is the thousands digit of 225790293?
0
What is the hundreds digit of 1738111?
1
What is the tens digit of 5379630961?
6
What is the tens digit of 36285396?
9
What is the millions digit of 1353375977?
3
What is the hundred millions digit of 152365513?
1
What is the hundreds digit of 185081321?
3
What is the thousands digit of 156452660?
2
What is the tens digit of 70175571?
7
What is the units digit of 13946607?
7
What is the ten millions digit of 681379712?
8
What is the hundreds digit of 1564894222?
2
What is the ten thousands digit of 27597113?
9
What is the ten millions digit of 95386103?
9
What is the units digit of 7669475788?
8
What is the millions digit of 2158458303?
8
What is the hundreds digit of 1281923725?
7
What is the millions digit of 1156078197?
6
What is the hundreds digit of 56760133?
1
What is the hundred millions digit of 2209002402?
2
What is the hundreds digit of 26445314?
3
What is the units digit of 2043754523?
3
What is the hundred thousands digit of 64236680?
2
What is the thousands digit of 102603913?
3
What is the tens digit of 112411637?
3
What is the millions digit of 6938053662?
8
What is the units digit of 663396867?
7
What is the tens digit of 1567943585?
8
What is the ten millions digit of 1297910948?
9
What is the thousands digit of 41802534?
2
What is the hundred millions digit of 1190396029?
1
What is the units digit of 11932069?
9
What is the thousands digit of 84305748?
5
What is the hundred thousands digit of 332064194?
0
What is the hundreds digit of 2400701?
7
What is the hundreds digit of 4775302273?
2
What is the ten millions digit of 198422024?
9
What is the ten thousands digit of 6842979761?
7
What is the ten thousands digit of 272516767?
1
What is the thousands digit of 900550807?
0
What is the thousands digit of 111566478?
6
What is the ten millions digit of 173417888?
7
What is the tens digit of 27941153?
5
What is the units digit of 83593520?
0
What is the ten thousands digit of 3162015760?
1
What is the ten millions digit of 1552314459?
5
What is the millions digit of 772508628?
2
What is the ten millions digit of 1005989323?
0
What is the hundred millions digit of 112288503?
1
What is the hundreds digit of 520439062?
0
What is the hundreds digit of 368049973?
9
What is the hundreds digit of 362612315?
3
What is the millions digit of 467690589?
7
What is the ten thousands digit of 663634393?
3
What is the ten millions digit of 530948963?
3
What is the tens digit of 2845872650?
5
What is the units digit of 2086496076?
6
What is the ten thousands digit of 1648387740?
8
What is the tens digit of 7054339598?
9
What is the ten millions digit of 16850619?
1
What is the ten millions digit of 27557311?
2
What is the millions digit of 10421217?
0
What is the ten thousands digit of 23128569?
2
What is the millions digit of 951089735?
1
What is the tens digit of 223414675?
7
What is the thousands digit of 120743672?
3
What is the thousands digit of 40711992?
1
What is the ten millions digit of 117722954?
1
What is the billions digit of 6257750381?
6
What is the hundreds digit of 161072311?
3
What is the millions digit of 61640157?
1
What is the thousands digit of 59555312?
5
What is the ten thousands digit of 67040330?
4
What is the hundred thousands digit of 13761987?
7
What is the hundred thousands digit of 186341608?
3
What is the millions digit of 620799985?
0
What is the tens digit of 1151048034?
3
What is the hundred millions digit of 574475248?
5
What is the units digit of 221487114?
4
What is the hundreds digit of 150591362?
3
What is the hundred thousands digit of 557006?
5
What is the ten thousands digit of 69195648?
9
What is the hundred thousands digit of 392848022?
8
What is the tens digit of 2870851004?
0
What is the tens digit of 92959462?
6
What is the units digit of 1805820271?
1
What is the ten millions digit of 848831857?
4
What is the ten thousands digit of 64351918?
5
What is the units digit of 65038186?
6
What is the tens digit of 97658079?
7
What is the ten thousands digit of 3845857652?
5
What is the tens digit of 1993568?
6
What is the hundred millions digit of 5556724649?
5
What is the thousands digit of 116624066?
4
What is the tens digit of 1803537493?
9
What is the ten thousands digit of 5718615270?
1
What is the units digit of 245644036?
6
What is the millions digit of 139895705?
9
What is the tens digit of 94597383?
8
What is the units digit of 3973577450?
0
What is the ten millions digit of 240585329?
4
What is the hundreds digit of 832063569?
5
What is the hundred thousands digit of 141918869?
9
What is the ten millions digit of 110071287?
1
What is the ten millions digit of 2612092929?
1
What is the hundred millions digit of 159773671?
1
What is the units digit of 93236393?
3
What is the ten thousands digit of 1329518499?
1
What is the ten millions digit of 31728901?
3
What is the ten thousands digit of 15612145?
1
What is the ten thousands digit of 11517128?
1
What is the hundreds digit of 5432760475?
4
What is the millions digit of 50777518?
0
What is the ten millions digit of 224012409?
2
What is the units digit of 3893201439?
9
What is the hundreds digit of 406171811?
8
What is the hundred millions digit of 187118563?
1
What is the hundreds digit of 886149